ivided by 4.
2
Let o = -47 + 98. Calculate the remainder when o is divided by 26.
25
Let a be 13 - (4 - (-3)/(-3)). Let n = a - 8. What is the remainder when 8 is divided by n?
0
Let w = -49 + 60. What is the remainder when w is divided by 8?
3
Suppose -3*c + 48 = -0*c + 3*d, 4*d = 4. Calculate the remainder when c is divided by 4.
3
Suppose -9*q + 26 + 64 = 0. Calculate the remainder when 29 is divided by q.
9
Suppose -2*j - 439 = -5*n, -3*j = 4*n - 2*n - 187. Calculate the remainder when n is divided by 15.
14
Suppose 3*w = -5*m - 16, -3*w + m + 4 = -4*w. Let q be (7/(-2))/(w/4). What is the remainder when 5 is divided by (-2)/q + (-92)/(-28)?
2
Let q(i) = -3*i - 9. What is the remainder when q(-6) is divided by 5?
4
Let m = -7 - -5. Let b = m - -2. Suppose b*t = t - 6. What is the remainder when 17 is divided by t?
5
Suppose -4*f + 0*f = -2*x - 20, f - 4*x - 5 = 0. What is the remainder when 47 is divided by f?
2
Let s = -6 + 8. Suppose -2*a - 72 = -5*a. Suppose -l = u - s, l + a = 5*u - l. What is the remainder when 7 is divided by u?
3
Let t(l) = -2 + 0 + 2*l + 3. Let k be (3 + -2)/((-2)/(-10)). Calculate the remainder when 32 is divided by t(k).
10
Suppose -128 = -3*y - 2*r, 0 = 5*y - 2*r - 1 - 191. Calculate the remainder when y is divided by ((-21)/(-4))/(6/16).
12
Let m(r) = -7*r - 88. Let k(o) = -11*o**3 + 2*o**2 + 2*o - 2. Calculate the remainder when k(-2) is divided by m(-17).
28
Let n be (-1)/((-1 + 4)/(-18)). Suppose -2*k - 100 = -n*k. What is the remainder when 47 is divided by k?
22
Suppose -2*v = 3*r + 4 + 13, 4*v - 3*r - 11 = 0. Suppose 24 = 2*n + 5*y, 0 = 4*y - 6 - 10. Let w = n - v. Calculate the remainder when w is divided by 2.
1
Let t = 117 + -79. Let h = t - 27. Let y = 65 - 61. Calculate the remainder when h is divided by y.
3
Let i be (-1)/3 + 74/6. Let s = 41 - i. Calculate the remainder when 86 is divided by s.
28
Let g = 4 + -2. Suppose -29 = b - g*b. Suppose 5*i = -4 + b. Calculate the remainder when i is divided by 2.
1
Let k(m) = -2*m. Let t(o) = -o + 1. Let v(r) = 6*k(r) - 5*t(r). Let i(h) = h**2 + 4*h + 1. Calculate the remainder when v(-6) is divided by i(-6).
11
Let j = -13 + 18. Suppose 4 = j*g - 51. Calculate the remainder when 30 is divided by g.
8
Let s(i) = 10*i**2 - 5*i - 6. Suppose 4*u + 8 = -4. What is the remainder when s(u) is divided by 25?
24
Suppose -2*h + q + 50 = 0, -5*q - 21 = -1. Calculate the remainder when 102 is divided by h.
10
Suppose 0 = z + 5*r - 13 - 4, -5*r = -5. What is the remainder when z is divided by 5?
2
Let h be 4/(-3)*(-45)/2. Suppose -n = 4*n - h. Suppose -2*q = -n*q + 12. Calculate the remainder when 5 is divided by q.
2
Let o(x) = -21*x + 1. Suppose -5*k + 31 = 2*c, -c + 2*c - 2 = 2*k. What is the remainder when o(-1) is divided by c?
6
Let u = 27 - 6. What is the remainder when 61 is divided by u?
19
Suppose o + 6 = 15. What is the remainder when 26 is divided by o?
8
Let j(s) = 2*s**2 - s + 4. Calculate the remainder when 83 is divided by j(-3).
8
Let t(z) = z**3 + 5*z**2 - 10*z - 9. Let u = 14 + -6. Calculate the remainder when t(-6) is divided by u.
7
Let i(q) = -q**3 + 6*q**2 - 4*q + 4. Let k be i(5). What is the remainder when 25 is divided by (k/(-6))/(1/(-6))?
7
Suppose -j + 20 = 4*k, 0 = 3*k - 0*j - j - 8. Let c = 1 + 9. Let g = c + k. What is the remainder when 27 is divided by g?
13
Suppose -a - 12 = -5*h - 0*a, -12 = -4*a. Suppose h = -2*g - 7. What is the remainder when 8 is divided by 2/4 + g/(-2)?
2
Suppose -16 = 6*q - 7*q. What is the remainder when q is divided by 6?
4
Suppose 0 = 9*n - 5*n - 56. What is the remainder when 26 is divided by n?
12
Suppose -5*f - 2*w + 470 = -7*w, 3*w - 276 = -3*f. What is the remainder when 67 is divided by f/4 + 2/(-8)?
21
Calculate the remainder when 14 is divided by 0 + 4 + 2/(-2).
2
Let z be -2*8 - (-4)/1. Let w(k) = k**2 + 12*k + 9. Calculate the remainder when 26 is divided by w(z).
8
Suppose 6*a - 2 - 82 = 0. What is the remainder when 67 is divided by a?
11
Let k be (-8)/(-28) - (-162)/21. Suppose 0 = -j + k - 1. Calculate the remainder when 26 is divided by j.
5
What is the remainder when (1/(-2))/((-9)/234) is divided by 5?
3
Suppose -8 = -5*k + 27. Calculate the remainder when 33 is divided by k.
5
Suppose -5*x + 3*n + 91 = 0, 2*n = -2*x + 33 + 13. Suppose -4*r = -0*r + 3*z - 22, 2*r - 6 = -4*z. What is the remainder when x is divided by r?
6
Suppose 5*d + 20 = 0, 4*j + 3*d = -2*d + 52. Calculate the remainder when 70 is divided by j.
16
Suppose 3*i - 5*i + 20 = 0. Calculate the remainder when 37 is divided by i.
7
Suppose -6*l + 2*l + 14 = 2*k, l + 7 = 3*k. Calculate the remainder when 9 is divided by k.
0
Let n(q) = 3*q - 8. What is the remainder when 24 is divided by n(5)?
3
What is the remainder when 17 is divided by (0 - -15)*(-4)/(-6)?
7
What is the remainder when 39 is divided by (-1 - 0) + 12 + -1?
9
Let u be ((-13)/(-3))/(1/(-3)). Let d = -1 - -25. What is the remainder when d is divided by 1 - ((-1)/(-1) + u)?
11
Suppose -3 = 4*v - 19. Let z be (-2)/(-8) - (-55)/v. Suppose -2*h - z = -3*h. What is the remainder when 41 is divided by h?
13
What is the remainder when 27 is divided by (0 - -1 - 0) + -38 + 41?
3
Let b = 5 + -1. Calculate the remainder when 18 is divided by b.
2
Let b = 30 - 20. Let o = 67 + -48. What is the remainder when o is divided by b?
9
Let g = -70 - -125. What is the remainder when g is divided by 14?
13
Let y = 71 - 39. What is the remainder when 125 is divided by y?
29
Suppose -2*q = 17 - 1. Suppose -24 = 13*a - 15*a. Calculate the remainder when (q/10)/((-6)/255) is divided by a.
10
Let q(f) = -f**3 - 10*f**2 - 7*f + 11. Let m be q(-8). Let x = m - -87. Calculate the remainder when x is divided by 9.
8
Let w(o) = -3*o - 4. Suppose 2*r + 21 - 63 = 0. Calculate the remainder when r is divided by w(-5).
10
Let s be 2 - (0 - -3 - -2). Let j = 0 - s. What is the remainder when j is divided by (-2)/(-5) + (-16)/(-10)?
1
Let p = -45 - -75. Suppose -i + p = i. Calculate the remainder when 28 is divided by i.
13
Suppose -3*t = -0*t. Calculate the remainder when 13 is divided by 2*(14/4 - t).
6
Suppose -4*g + 0*u = -3*u - 74, g = 4*u + 12. Let s = 20 + -13. Calculate the remainder when g is divided by s.
6
Suppose 8*f - 4*f + 24 = 3*j, 0 = -4*f. Calculate the remainder when 4/6 - (-40)/3 is divided by j.
6
Suppose -3*j + 5 + 2 = 2*b, b - 3*j = 8. What is the remainder when ((-9)/5)/(b/(-75)) is divided by 5?
2
Let x(m) = m**3 + 3*m**2 - 2*m - 3. Suppose 3*a = 2*o + 3, -4*o + 2*a = o + 13. Calculate the remainder when 7 is divided by x(o).
1
Suppose -18 = -p - 2*b, 7*p - 2*p + b = 63. Calculate the remainder when 23 is divided by p.
11
Let h = 111 - 35. What is the remainder when h is divided by 26?
24
Let f = 35 - 7. What is the remainder when f is divided by 106/10 - (-9)/(-15)?
8
Let x = -76 + 60. Let g be 1/1 + 8/(-2). What is the remainder when 1/(x/6 - g) is divided by 2?
1
Suppose -n - 4*u + 52 = -0*n, 5*u + 124 = 4*n. Let j = -22 + n. Calculate the remainder when 40 is divided by j.
12
Suppose -5*u = -25, 0*w - w + 9 = -u. Let i(j) = 6*j + 2. Calculate the remainder when i(4) is divided by w.
12
Suppose -5*v = -j - 142, 3*j = j + 6. What is the remainder when v is divided by 10?
9
Suppose -5*y + 0*y - 7 = 2*p, -y - 23 = -2*p. Calculate the remainder when p is divided by 6.
3
Let c(s) = 15*s**2 - s + 1. What is the remainder when 57 is divided by c(1)?
12
What is the remainder when 2/4 + 126/12 is divided by ((-48)/20)/(4/(-10))?
5
Suppose 2*d + 16 = 6*d. Suppose 11 + 29 = d*b. What is the remainder when 29 is divided by b?
9
Suppose -3*t + 67 = l + 6, -5*t = -2*l - 109. Calculate the remainder when t is divided by 14.
7
Let g(l) = 4*l**3 - 8*l**2 + l - 6. Let s(u) = -5*u**3 + 8*u**2 - u + 7. Let t(v) = -6*g(v) - 5*s(v). Calculate the remainder when t(-8) is divided by 5.
4
Let m(v) = 27*v**2 + 2*v + 3. Calculate the remainder when m(2) is divided by 13.
11
Suppose 29 = 3*o + 2*g, 3*o = 4*o + 2*g - 3. Calculate the remainder when (2*6)/((-2)/(-4)) is divided by o.
11
Suppose -16 = h + 5*p + 5, -4*p = -4*h + 36. Suppose -2*v - 4 = -h*c, c + 0*v - 23 = -5*v. What is the remainder when 7 is divided by c?
1
Suppose -s = -d + 3, -3*d = 2*d - 3*s - 25. Let l = -18 - -25. What is the r